{"id":242,"date":"2025-08-26T18:43:24","date_gmt":"2025-08-26T16:43:24","guid":{"rendered":"https:\/\/e-edukujemy.pl\/?post_type=product&#038;p=242"},"modified":"2025-09-05T19:39:19","modified_gmt":"2025-09-05T17:39:19","slug":"pakiet-wszystkie-webinary-z-doradztwa-zawodowego-13-webinarow-300-zl","status":"publish","type":"product","link":"https:\/\/e-edukujemy.pl\/?product=pakiet-wszystkie-webinary-z-doradztwa-zawodowego-13-webinarow-300-zl","title":{"rendered":"PAKIET: Doradztwo zawodowe (12 webinar\u00f3w)"},"content":{"rendered":"<p>Kompleksowy zestaw praktycznych webinar\u00f3w obejmuj\u0105cy wszystkie kluczowe aspekty doradztwa zawodowego w szkole: diagnoz\u0119, poznawanie siebie, zawodoznawstwo, analiz\u0119 rynku pracy, kompetencje mi\u0119kkie i dokumentacj\u0119.<\/p>\n<p>\ud83d\udc49 <strong>Dlaczego warto?<\/strong><\/p>\n<ul>\n<li>Otrzymujesz pe\u0142ny cykl praktycznych webinar\u00f3w w jednym pakiecie.<\/li>\n<li>Wszystkie materia\u0142y autorskie gotowe do wykorzystania w pracy z uczniami.<\/li>\n<li>Mo\u017cliwo\u015b\u0107 kompleksowego doskonalenia warsztatu doradcy zawodowego.<\/li>\n<\/ul>\n<p>\ud83d\udcc4 <strong>Dodatkowo:<\/strong><br \/>\nKa\u017cdy uczestnik otrzyma <strong>materia\u0142y szkoleniowe<\/strong> oraz <strong>certyfikat<\/strong> potwierdzaj\u0105cy udzia\u0142 w szkoleniu.<\/p>\n<p>&nbsp;<\/p>\n<p><strong>Kupuj\u0105c pakiet, a\u017c trzy webinary masz gratis!\u00a0<\/strong><\/p>\n<p>Pakiet zawiera nast\u0119puj\u0105ce webinary:<\/p>\n<ol>\n<li>Dokumentacja doradcy zawodowego (wewn\u0105trzszkolny system doradztwa zawodowego, program doradztwa zawodowego, diagnoza, ewaluacja) \u2013 16.09.2025<\/li>\n<li>Realizacja doradztwa zawodowego na lekcjach przedmiotowych \u2013 7.10.2025<\/li>\n<li>Pomys\u0142y na lekcje: wyb\u00f3r szko\u0142y i zawodu \u2013 21.10.2025<\/li>\n<li>Pomys\u0142y na lekcje: zawodoznawstwo \u2013 28.10.2025<\/li>\n<li>Pomys\u0142y na lekcje: poznanie siebie \u2013 4.11.2025<\/li>\n<li>Pomys\u0142y na lekcje: analiza rynku pracy \u2013 18.11.2025<\/li>\n<li>Doradztwo zawodowe dla cudzoziemc\u00f3w \u2013 2.12.2025<\/li>\n<li>Doradztwo zawodowe dla uczni\u00f3w z SPE \u2013 9.12.2025<\/li>\n<li>Jak zorganizowa\u0107 targi edukacyjne i inne wydarzenia w ramach doradztwa zawodowego \u2013 13.01.2026<\/li>\n<li>Pokolenia na rynku pracy \u2013 20.01.2026<\/li>\n<li>Kompetencje mi\u0119kkie \u2013 27.01.2026<\/li>\n<li>Gry i zabawy dydaktyczne na doradztwie zawodowym \u2013 30 z\u0142 \u2013 3.02.2026<\/li>\n<\/ol>\n<p>Wszystkie spotkania rozpoczynaj\u0105 si\u0119 o godzinie 18:00<\/p>\n","protected":false},"excerpt":{"rendered":"<p>Kompleksowy zestaw praktycznych webinar\u00f3w obejmuj\u0105cy wszystkie kluczowe aspekty doradztwa zawodowego w szkole: diagnoz\u0119, poznawanie siebie, zawodoznawstwo, analiz\u0119 rynku pracy, kompetencje [&hellip;]<\/p>\n","protected":false},"featured_media":670,"comment_status":"open","ping_status":"closed","template":"","meta":{"site-sidebar-layout":"default","site-content-layout":"","ast-site-content-layout":"default","site-content-style":"default","site-sidebar-style":"default","ast-global-header-display":"","ast-banner-title-visibility":"","ast-main-header-display":"","ast-hfb-above-header-display":"","ast-hfb-below-header-display":"","ast-hfb-mobile-header-display":"","site-post-title":"","ast-breadcrumbs-content":"","ast-featured-img":"","footer-sml-layout":"","theme-transparent-header-meta":"default","adv-header-id-meta":"","stick-header-meta":"","header-above-stick-meta":"","header-main-stick-meta":"","header-below-stick-meta":"","astra-migrate-meta-layouts":"set","ast-page-background-enabled":"default","ast-page-background-meta":{"desktop":{"background-color":"var(--ast-global-color-5)","background-image":"","background-repeat":"repeat","background-position":"center center","background-size":"auto","background-attachment":"scroll","background-type":"","background-media":"","overlay-type":"","overlay-color":"","overlay-opacity":"","overlay-gradient":""},"tablet":{"background-color":"","background-image":"","background-repeat":"repeat","background-position":"center center","background-size":"auto","background-attachment":"scroll","background-type":"","background-media":"","overlay-type":"","overlay-color":"","overlay-opacity":"","overlay-gradient":""},"mobile":{"background-color":"","background-image":"","background-repeat":"repeat","background-position":"center center","background-size":"auto","background-attachment":"scroll","background-type":"","background-media":"","overlay-type":"","overlay-color":"","overlay-opacity":"","overlay-gradient":""}},"ast-content-background-meta":{"desktop":{"background-color":"var(--ast-global-color-4)","background-image":"","background-repeat":"repeat","background-position":"center center","background-size":"auto","background-attachment":"scroll","background-type":"","background-media":"","overlay-type":"","overlay-color":"","overlay-opacity":"","overlay-gradient":""},"tablet":{"background-color":"var(--ast-global-color-4)","background-image":"","background-repeat":"repeat","background-position":"center center","background-size":"auto","background-attachment":"scroll","background-type":"","background-media":"","overlay-type":"","overlay-color":"","overlay-opacity":"","overlay-gradient":""},"mobile":{"background-color":"var(--ast-global-color-4)","background-image":"","background-repeat":"repeat","background-position":"center center","background-size":"auto","background-attachment":"scroll","background-type":"","background-media":"","overlay-type":"","overlay-color":"","overlay-opacity":"","overlay-gradient":""}}},"product_brand":[],"product_cat":[29,21],"product_tag":[],"class_list":{"0":"post-242","1":"product","2":"type-product","3":"status-publish","4":"has-post-thumbnail","6":"product_cat-doradztwo-zawodowe-szkolenia","7":"product_cat-szkolenia","8":"desktop-align-center","9":"tablet-align-left","10":"mobile-align-left","12":"first","13":"instock","14":"sale","15":"downloadable","16":"virtual","17":"purchasable","18":"product-type-simple"},"jetpack_sharing_enabled":true,"_links":{"self":[{"href":"https:\/\/e-edukujemy.pl\/index.php?rest_route=\/wp\/v2\/product\/242","targetHints":{"allow":["GET"]}}],"collection":[{"href":"https:\/\/e-edukujemy.pl\/index.php?rest_route=\/wp\/v2\/product"}],"about":[{"href":"https:\/\/e-edukujemy.pl\/index.php?rest_route=\/wp\/v2\/types\/product"}],"replies":[{"embeddable":true,"href":"https:\/\/e-edukujemy.pl\/index.php?rest_route=%2Fwp%2Fv2%2Fcomments&post=242"}],"wp:featuredmedia":[{"embeddable":true,"href":"https:\/\/e-edukujemy.pl\/index.php?rest_route=\/wp\/v2\/media\/670"}],"wp:attachment":[{"href":"https:\/\/e-edukujemy.pl\/index.php?rest_route=%2Fwp%2Fv2%2Fmedia&parent=242"}],"wp:term":[{"taxonomy":"product_brand","embeddable":true,"href":"https:\/\/e-edukujemy.pl\/index.php?rest_route=%2Fwp%2Fv2%2Fproduct_brand&post=242"},{"taxonomy":"product_cat","embeddable":true,"href":"https:\/\/e-edukujemy.pl\/index.php?rest_route=%2Fwp%2Fv2%2Fproduct_cat&post=242"},{"taxonomy":"product_tag","embeddable":true,"href":"https:\/\/e-edukujemy.pl\/index.php?rest_route=%2Fwp%2Fv2%2Fproduct_tag&post=242"}],"curies":[{"name":"wp","href":"https:\/\/api.w.org\/{rel}","templated":true}]}}